mmon factor of d and i?
10
Let q be 7/(315/25542)*(28/12 - -1). Calculate the greatest common factor of q and 43.
43
Suppose -3185*g - 210 = -3183*g. Let z be 0 - (-1)/((-2)/(-320)). Let u = g + z. What is the greatest common factor of u and 5?
5
Suppose 39 = 3*k - 3*b, 2*b + 3*b - 15 = 0. Let z be (k/6)/(32/384). Calculate the highest common divisor of z and 32.
32
Suppose -x + 12 = 33. Let n(k) = k**3 + 20*k**2 - 17*k + 96. Let o be n(x). What is the greatest common factor of o and 972?
12
Let o = -11023 - -12409. What is the greatest common factor of o and 72?
18
Let l(s) = -s**3 - 12*s**2 + 9*s - 52. Let d be l(-13). Suppose d = -4*w + 103 + 53. What is the greatest common divisor of 26 and w?
13
Let v be 14/77 + (-1272)/(-22). Suppose -7*g = -8*g + 244. Suppose -5*d + 191 = -g. Calculate the highest common factor of v and d.
29
Let c = -8 + 16. Let b(t) = -t**3 - 13*t**2 - 9*t + 20. Let u be b(-9). Let q = 243 + u. What is the highest common factor of q and c?
4
Let m = -684 - -688. Let y be 1*(-10)/(-4)*-2. Let s be -1*8/y*5. What is the greatest common divisor of s and m?
4
Let u(a) = -1440*a + 5797. Let r be u(4). Let p be (925/10)/(1/10). Calculate the greatest common divisor of r and p.
37
Let v be 150/(-6*(-5)/(-80)). Let c = 430 + v. Calculate the highest common divisor of c and 75.
15
Let s = 235 - 145. Let b be (-3)/(-4 - s/(-24)). Calculate the greatest common factor of 276 and b.
12
Let c = -51 + 52. Suppose 0 = 4*u + c - 57. Calculate the greatest common divisor of u and 28.
14
Let j(z) = -z**3 - z**2 + 74*z + 8277. Let r be j(0). What is the greatest common factor of r and 267?
267
Let n(k) = -9*k**2 + 26*k + 101. Let u be n(-4). Let a be (-6)/(-10) + 2/5. Let o be (a - (-8)/(-6))*u. What is the highest common divisor of 343 and o?
49
Let x(d) = -d**3 - 9*d**2 + 17*d - 24. Let z = 405 + -416. Let r be x(z). Suppose 0*v + 465 = 5*v. What is the greatest common divisor of v and r?
31
Let u(o) = 7*o**2 + 48*o + 200. Let f be u(-4). Calculate the highest common divisor of f and 2280.
120
Let m be -4*(471/6 - 0). Let b be m/(-2) + 43 + -40. Calculate the greatest common factor of b and 60.
20
Suppose -3*a - 6*d + d = -41, a = 5*d + 27. Let c be (-174)/3*(6 - a - -5). What is the greatest common divisor of 261 and c?
87
Suppose -14*i = 21*i - 5425. Let a = i - 148. Calculate the highest common factor of a and 21.
7
Let u = -7117 - -7374. Calculate the highest common factor of u and 37265.
257
Let g = 317 + 67. Suppose -1800 = -12*o - g. Let v = o - 102. What is the greatest common factor of v and 48?
16
Let s = 26277 + -25473. Calculate the greatest common factor of s and 2077.
67
Let q = 108 - 96. Suppose 4*o = -q, -5*m + 15 = o + 3. Calculate the highest common divisor of 51 and m.
3
Suppose 3696 = -14*h + 62*h. What is the highest common divisor of h and 638?
11
Let f(y) = 2*y**2 - 106*y + 1559. Let w be f(26). Calculate the highest common factor of w and 3627.
31
Suppose 0 = 3*j + 142 - 148. Suppose -x = 5*b - 1822, -b - 3 = j*x - 371. Calculate the greatest common divisor of 104 and b.
52
Suppose 0 = -63*k + 73*k - 270. Let d be (-12)/k*297/(-6). Calculate the highest common divisor of 121 and d.
11
Let r = -7174 - -7260. What is the greatest common divisor of r and 6278?
86
Let b be (-33)/22*(-4)/6*16. Let c be 364/b - ((-15)/12)/5. Suppose 2*q = 3*m + c, 0 = -5*q + 6*m - 3*m + 71. What is the greatest common factor of q and 32?
16
Suppose -n + 44 + 441 = 5*y, 3*n + 5*y - 1385 = 0. Calculate the greatest common factor of 8850 and n.
150
Let f(p) = -10*p**2 - 14*p + 19. Let w(b) = -9*b**2 - 12*b + 18. Let o(c) = 6*f(c) - 7*w(c). Let m be o(8). Calculate the highest common divisor of m and 20.
20
Suppose -580 = -955*x + 926*x. Calculate the highest common factor of 3044 and x.
4
Suppose -125*d + 6 = -119*d. Let u be (-9 - (-777)/7)*d/2. What is the highest common factor of u and 3?
3
Let h(d) = -d**2 + 17*d - 34. Let a be h(14). Let r = 141 + -135. Calculate the greatest common divisor of r and a.
2
Suppose -2*l = -32 + 30. Let k be 2*(-36)/(-8)*l. Let p(h) = -h + 12. Let u be p(k). Calculate the highest common factor of u and 1.
1
Let i(f) = 43*f + 21. Suppose -q = 3*b - 21, 26*b + 4*q - 18 = 25*b. Let n be i(b). Calculate the highest common factor of 31 and n.
31
Let u be (-185 + 98 - -85)/(22/(-20) - -1). What is the greatest common factor of 11 and u?
1
Let x be 8/10*(-10 - (2 - 2)). Let z be (x + 3 + -2)*-7. Suppose -55*u + z*u = -132. What is the highest common factor of u and 242?
22
Suppose 0 = -28*q - 0*q + 4508. Calculate the greatest common divisor of q and 35.
7
Let s be ((-255)/(-204))/((-45)/(-18552)) - 4/(-6). What is the greatest common divisor of 1872 and s?
12
Suppose 3*o + 8*y - 2550 - 531 = 0, 4*y - 2058 = -2*o. What is the greatest common factor of o and 495?
45
Let g be 50/(-375) + 411/45. Suppose 4*x = -42 + 150. What is the greatest common factor of g and x?
9
Suppose 10*q + 241 = -6*q + 2689. What is the greatest common divisor of 1926 and q?
9
Suppose 4*z - 92 - 36 = -4*n, 0 = -n - 5*z + 16. What is the greatest common divisor of 444 and n?
12
Let q = -1 + 3. Let f = -45642 + 45644. What is the highest common factor of q and f?
2
Let a = 68755 - 45715. What is the greatest common divisor of 90 and a?
90
Suppose -331 = -2*o + 4*h - 279, 2*h = 4*o - 110. Let g be 1/(-3 - (-109)/36). What is the highest common factor of o and g?
4
Let r = 264 + -218. Suppose 10*o = r + 94. Calculate the greatest common factor of 7 and o.
7
Let o(g) = -2*g - 3. Let m be o(-3). Let z be m/15 + (-33)/15 + 2. Let l be z/(-4) + -2 - -20. Calculate the highest common divisor of 72 and l.
18
Let t(i) = 6*i + 15. Let s be t(69). Let v = s + -415. Let f = -11 + 18. What is the highest common divisor of f and v?
7
Let f = -2228 - -2282. Calculate the highest common factor of f and 576.
18
Let s(i) = -i**2 + 5. Suppose 0 = -0*l - l. Let k be s(l). Suppose 12 + 18 = k*u. What is the highest common divisor of 96 and u?
6
Let s = 775 - 749. Suppose -n + 640 = -2*n - 2*h, -4*n + 2*h - 2570 = 0. Let d be n/(-10) + (-36)/(-45). Calculate the greatest common divisor of s and d.
13
Let w(l) = -6*l**2 - 14*l - 12. Let m be w(-10). Let s be -5 + 1/(-2)*-22. Let p be (-3)/(s/m) - (0 + 2). Calculate the highest common divisor of p and 26.
26
Suppose -7 = -3*g + 8. Let t(h) = 7*h**2 - 7*h - 5. Let p be t(g). Calculate the highest common factor of p and 15.
15
Let g(q) = -627*q + 36451. Let d be g(58). Let k be (3/6)/((-2)/(-40)). What is the highest common divisor of d and k?
5
Suppose 3*p = -o - 76 - 20, 3 = -p. Let q = o + 121. What is the greatest common divisor of 442 and q?
34
Let s be (-12 + -96)*24/(-108). Calculate the highest common divisor of 51384 and s.
24
Let y = -1296 + 1800. What is the greatest common factor of 56 and y?
56
Let r be (-2)/(-12)*-2*0/4. Suppose r*n = 3*n + 9, 0 = -a + 5*n + 15. Suppose a*f = f - 17. What is the highest common factor of 85 and f?
17
Suppose 0 = -2*q + 37 - 109. Let j be 1183/63 - (-1 - 28/q). Let w = 135 + -78. What is the highest common divisor of j and w?
19
Suppose 3*u + 852 - 1836 = -3*u. What is the greatest common divisor of u and 4?
4
Let f(l) = -76*l**3 - 10*l - 12. Let m be f(-2). Calculate the highest common factor of 77 and m.
77
Let u = 42 + -45. Let x(n) = -15*n + 9. Let s be x(u). Suppose -13 = -55*v + s*v. Calculate the greatest common factor of 117 and v.
13
Suppose -6*m + 33 = -249. Calculate the greatest common divisor of m and 10481.
47
Let n(a) = a**2 + 11*a - 19. Let t be n(-13). Let y(f) = -6*f + 119. Let z be y(16). Suppose z = -t*q + 338. Calculate the highest common divisor of 18 and q.
9
Suppose 8*q + 5461 = 5965. Calculate the highest common divisor of 36 and q.
9
Suppose -q = -4*q - 9, -w + 3*q + 71 = 0. Let r = -56 + w. Suppose -3*x - 20 = -5*d - 8*x, -5*d = -2*x - 55. What is the greatest common factor of r and d?
3
Suppose -2*q + 33 = -119. What is the highest common divisor of 608 and q?
76
Suppose -34*j = -16*j - 18. Let p be 14*j + (-80)/16. Calculate the highest common divisor of 63 and p.
9
Suppose 57*f - 59*f - 4*u - 20 = 0, -10 = 3*f + 2*u. Suppose f = -31*h + 24 + 7. Calculate the highest common factor of h and 47.
1
Let p = 63 - 14. Let q be p + (((-4)/4)